{"id":362,"date":"2014-01-29T10:43:29","date_gmt":"2014-01-29T09:43:29","guid":{"rendered":"http:\/\/www.hurtowniafolii.hol.es\/?page_id=362"},"modified":"2024-03-01T19:47:45","modified_gmt":"2024-03-01T18:47:45","slug":"profile-do-plyt-g-k-akcesoria","status":"publish","type":"page","link":"http:\/\/hurtowniafolii.pl\/?page_id=362","title":{"rendered":"Profile do p\u0142yt g-k + akcesoria"},"content":{"rendered":"<h4 style=\"text-align: center;\">Profile do p\u0142yt g-k i akcesoria<\/h4>\n<p>&nbsp;<\/p>\n<p style=\"text-align: center;\"><img loading=\"lazy\" decoding=\"async\" class=\"aligncenter size-full wp-image-365\" style=\"text-align: center;\" alt=\"logo_punto_pruszynki\" src=\"http:\/\/hurtowniafolii.pl\/wp-content\/uploads\/2014\/01\/logo_punto_pruszynki.gif\" width=\"230\" height=\"82\" \/><\/p>\n<ul>\n<li>profile \u015bcienne<\/li>\n<li>profile sufitowe<\/li>\n<\/ul>\n<div data-carousel-extra='{\"blog_id\":1,\"permalink\":\"http:\\\/\\\/hurtowniafolii.pl\\\/?page_id=362\",\"likes_blog_id\":false}' id='gallery-1' class='gallery galleryid-362 gallery-columns-2 gallery-size-thumbnail'><figure class='gallery-item'>\n\t\t\t<div class='gallery-icon landscape'>\n\t\t\t\t<a href='http:\/\/hurtowniafolii.pl\/?attachment_id=363'><img loading=\"lazy\" decoding=\"async\" width=\"70\" height=\"70\" src=\"http:\/\/hurtowniafolii.pl\/wp-content\/uploads\/2014\/01\/image_punto_01.jpg\" class=\"attachment-thumbnail size-thumbnail\" alt=\"\" data-attachment-id=\"363\" data-orig-file=\"http:\/\/hurtowniafolii.pl\/wp-content\/uploads\/2014\/01\/image_punto_01.jpg\" data-orig-size=\"70,70\" data-comments-opened=\"1\" data-image-meta=\"{&quot;aperture&quot;:&quot;0&quot;,&quot;credit&quot;:&quot;&quot;,&quot;camera&quot;:&quot;&quot;,&quot;caption&quot;:&quot;&quot;,&quot;created_timestamp&quot;:&quot;0&quot;,&quot;copyright&quot;:&quot;&quot;,&quot;focal_length&quot;:&quot;0&quot;,&quot;iso&quot;:&quot;0&quot;,&quot;shutter_speed&quot;:&quot;0&quot;,&quot;title&quot;:&quot;&quot;}\" data-image-title=\"image_punto_01\" data-image-description=\"\" data-medium-file=\"http:\/\/hurtowniafolii.pl\/wp-content\/uploads\/2014\/01\/image_punto_01.jpg\" data-large-file=\"http:\/\/hurtowniafolii.pl\/wp-content\/uploads\/2014\/01\/image_punto_01.jpg\" \/><\/a>\n\t\t\t<\/div><\/figure><figure class='gallery-item'>\n\t\t\t<div class='gallery-icon landscape'>\n\t\t\t\t<a href='http:\/\/hurtowniafolii.pl\/?attachment_id=364'><img loading=\"lazy\" decoding=\"async\" width=\"70\" height=\"70\" src=\"http:\/\/hurtowniafolii.pl\/wp-content\/uploads\/2014\/01\/image_punto_02.jpg\" class=\"attachment-thumbnail size-thumbnail\" alt=\"\" data-attachment-id=\"364\" data-orig-file=\"http:\/\/hurtowniafolii.pl\/wp-content\/uploads\/2014\/01\/image_punto_02.jpg\" data-orig-size=\"70,70\" data-comments-opened=\"1\" data-image-meta=\"{&quot;aperture&quot;:&quot;0&quot;,&quot;credit&quot;:&quot;&quot;,&quot;camera&quot;:&quot;&quot;,&quot;caption&quot;:&quot;&quot;,&quot;created_timestamp&quot;:&quot;0&quot;,&quot;copyright&quot;:&quot;&quot;,&quot;focal_length&quot;:&quot;0&quot;,&quot;iso&quot;:&quot;0&quot;,&quot;shutter_speed&quot;:&quot;0&quot;,&quot;title&quot;:&quot;&quot;}\" data-image-title=\"image_punto_02\" data-image-description=\"\" data-medium-file=\"http:\/\/hurtowniafolii.pl\/wp-content\/uploads\/2014\/01\/image_punto_02.jpg\" data-large-file=\"http:\/\/hurtowniafolii.pl\/wp-content\/uploads\/2014\/01\/image_punto_02.jpg\" \/><\/a>\n\t\t\t<\/div><\/figure>\n\t\t<\/div>\n\n<p style=\"text-align: center;\">\n<p style=\"text-align: center;\">Zapraszamy na stron\u0119 <a href=\"http:\/\/www.punto.com.pl\" target=\"_blank\" rel=\"noopener\">www.punto.com.pl<\/a><\/p>\n<p>&nbsp;<\/p>\n<hr \/>\n<p><img loading=\"lazy\" decoding=\"async\" class=\"aligncenter size-full wp-image-367\" alt=\"logo_metpol\" src=\"http:\/\/hurtowniafolii.pl\/wp-content\/uploads\/2014\/01\/logo_metpol.gif\" width=\"175\" height=\"83\" \/><\/p>\n<ul>\n<li>akcesoria do profili<\/li>\n<\/ul>\n<p>&nbsp;<\/p>\n<div data-carousel-extra='{\"blog_id\":1,\"permalink\":\"http:\\\/\\\/hurtowniafolii.pl\\\/?page_id=362\",\"likes_blog_id\":false}' id='gallery-2' class='gallery galleryid-362 gallery-columns-2 gallery-size-thumbnail'><figure class='gallery-item'>\n\t\t\t<div class='gallery-icon landscape'>\n\t\t\t\t<a href='http:\/\/hurtowniafolii.pl\/?attachment_id=373'><img loading=\"lazy\" decoding=\"async\" width=\"150\" height=\"150\" src=\"http:\/\/hurtowniafolii.pl\/wp-content\/uploads\/2014\/01\/es_mokry-150x150.jpg\" class=\"attachment-thumbnail size-thumbnail\" alt=\"\" data-attachment-id=\"373\" data-orig-file=\"http:\/\/hurtowniafolii.pl\/wp-content\/uploads\/2014\/01\/es_mokry.jpg\" data-orig-size=\"192,152\" data-comments-opened=\"1\" data-image-meta=\"{&quot;aperture&quot;:&quot;0&quot;,&quot;credit&quot;:&quot;&quot;,&quot;camera&quot;:&quot;&quot;,&quot;caption&quot;:&quot;&quot;,&quot;created_timestamp&quot;:&quot;0&quot;,&quot;copyright&quot;:&quot;&quot;,&quot;focal_length&quot;:&quot;0&quot;,&quot;iso&quot;:&quot;0&quot;,&quot;shutter_speed&quot;:&quot;0&quot;,&quot;title&quot;:&quot;&quot;}\" data-image-title=\"es_mokry\" data-image-description=\"\" data-medium-file=\"http:\/\/hurtowniafolii.pl\/wp-content\/uploads\/2014\/01\/es_mokry.jpg\" data-large-file=\"http:\/\/hurtowniafolii.pl\/wp-content\/uploads\/2014\/01\/es_mokry.jpg\" \/><\/a>\n\t\t\t<\/div><\/figure><figure class='gallery-item'>\n\t\t\t<div class='gallery-icon portrait'>\n\t\t\t\t<a href='http:\/\/hurtowniafolii.pl\/?attachment_id=374'><img loading=\"lazy\" decoding=\"async\" width=\"150\" height=\"150\" src=\"http:\/\/hurtowniafolii.pl\/wp-content\/uploads\/2014\/01\/wieszak_metpol-150x150.jpg\" class=\"attachment-thumbnail size-thumbnail\" alt=\"\" data-attachment-id=\"374\" data-orig-file=\"http:\/\/hurtowniafolii.pl\/wp-content\/uploads\/2014\/01\/wieszak_metpol.jpg\" data-orig-size=\"176,180\" data-comments-opened=\"1\" data-image-meta=\"{&quot;aperture&quot;:&quot;0&quot;,&quot;credit&quot;:&quot;&quot;,&quot;camera&quot;:&quot;&quot;,&quot;caption&quot;:&quot;&quot;,&quot;created_timestamp&quot;:&quot;0&quot;,&quot;copyright&quot;:&quot;&quot;,&quot;focal_length&quot;:&quot;0&quot;,&quot;iso&quot;:&quot;0&quot;,&quot;shutter_speed&quot;:&quot;0&quot;,&quot;title&quot;:&quot;&quot;}\" data-image-title=\"wieszak_metpol\" data-image-description=\"\" data-medium-file=\"http:\/\/hurtowniafolii.pl\/wp-content\/uploads\/2014\/01\/wieszak_metpol.jpg\" data-large-file=\"http:\/\/hurtowniafolii.pl\/wp-content\/uploads\/2014\/01\/wieszak_metpol.jpg\" \/><\/a>\n\t\t\t<\/div><\/figure>\n\t\t<\/div>\n\n<p style=\"text-align: center;\">\u00a0Zapraszamy na stron\u0119 <a href=\"http:\/\/www.metpol.pl\" target=\"_blank\" rel=\"noopener\">www.metpol.pl<\/a><\/p>\n","protected":false},"excerpt":{"rendered":"<p>Profile do p\u0142yt g-k i akcesoria &nbsp; profile \u015bcienne profile sufitowe Zapraszamy na stron\u0119 www.punto.com.pl &nbsp; akcesoria do profili &nbsp; \u00a0Zapraszamy na stron\u0119 www.metpol.pl<\/p>\n","protected":false},"author":1,"featured_media":0,"parent":0,"menu_order":0,"comment_status":"closed","ping_status":"closed","template":"","meta":{"footnotes":""},"class_list":["post-362","page","type-page","status-publish","hentry"],"_links":{"self":[{"href":"http:\/\/hurtowniafolii.pl\/index.php?rest_route=\/wp\/v2\/pages\/362","targetHints":{"allow":["GET"]}}],"collection":[{"href":"http:\/\/hurtowniafolii.pl\/index.php?rest_route=\/wp\/v2\/pages"}],"about":[{"href":"http:\/\/hurtowniafolii.pl\/index.php?rest_route=\/wp\/v2\/types\/page"}],"author":[{"embeddable":true,"href":"http:\/\/hurtowniafolii.pl\/index.php?rest_route=\/wp\/v2\/users\/1"}],"replies":[{"embeddable":true,"href":"http:\/\/hurtowniafolii.pl\/index.php?rest_route=%2Fwp%2Fv2%2Fcomments&post=362"}],"version-history":[{"count":1,"href":"http:\/\/hurtowniafolii.pl\/index.php?rest_route=\/wp\/v2\/pages\/362\/revisions"}],"predecessor-version":[{"id":785,"href":"http:\/\/hurtowniafolii.pl\/index.php?rest_route=\/wp\/v2\/pages\/362\/revisions\/785"}],"wp:attachment":[{"href":"http:\/\/hurtowniafolii.pl\/index.php?rest_route=%2Fwp%2Fv2%2Fmedia&parent=362"}],"curies":[{"name":"wp","href":"https:\/\/api.w.org\/{rel}","templated":true}]}}